{"id":7455,"date":"2023-06-02T17:32:29","date_gmt":"2023-06-02T15:32:29","guid":{"rendered":"https:\/\/www.sanatoriumklima.cz\/web\/?page_id=7455"},"modified":"2026-02-26T14:06:32","modified_gmt":"2026-02-26T13:06:32","slug":"leto-v-laznich","status":"publish","type":"page","link":"https:\/\/www.sanatoriumklima.cz\/web\/leto-v-laznich\/","title":{"rendered":"L\u00e9to v l\u00e1zn\u00edch"},"content":{"rendered":"","protected":false},"excerpt":{"rendered":"","protected":false},"author":1,"featured_media":0,"parent":0,"menu_order":0,"comment_status":"closed","ping_status":"closed","template":"","meta":{"_monsterinsights_skip_tracking":false,"_monsterinsights_sitenote_active":false,"_monsterinsights_sitenote_note":"","_monsterinsights_sitenote_category":0,"footnotes":""},"class_list":["post-7455","page","type-page","status-publish","hentry"],"_links":{"self":[{"href":"https:\/\/www.sanatoriumklima.cz\/web\/wp-json\/wp\/v2\/pages\/7455","targetHints":{"allow":["GET"]}}],"collection":[{"href":"https:\/\/www.sanatoriumklima.cz\/web\/wp-json\/wp\/v2\/pages"}],"about":[{"href":"https:\/\/www.sanatoriumklima.cz\/web\/wp-json\/wp\/v2\/types\/page"}],"author":[{"embeddable":true,"href":"https:\/\/www.sanatoriumklima.cz\/web\/wp-json\/wp\/v2\/users\/1"}],"replies":[{"embeddable":true,"href":"https:\/\/www.sanatoriumklima.cz\/web\/wp-json\/wp\/v2\/comments?post=7455"}],"version-history":[{"count":10,"href":"https:\/\/www.sanatoriumklima.cz\/web\/wp-json\/wp\/v2\/pages\/7455\/revisions"}],"predecessor-version":[{"id":8384,"href":"https:\/\/www.sanatoriumklima.cz\/web\/wp-json\/wp\/v2\/pages\/7455\/revisions\/8384"}],"wp:attachment":[{"href":"https:\/\/www.sanatoriumklima.cz\/web\/wp-json\/wp\/v2\/media?parent=7455"}],"curies":[{"name":"wp","href":"https:\/\/api.w.org\/{rel}","templated":true}]}}

Léto v lázních
